*2 - 3*n - 7. Give t(4).
13
Let u(t) = -t**2 - 26*t - 40. What is u(-17)?
113
Let q(u) = 13*u + 46. Determine q(-8).
-58
Let k(y) = -3*y + 98. Calculate k(12).
62
Let u(n) = -n - 15. Calculate u(-10).
-5
Let s(r) = r**2 + 45*r + 54. Determine s(-43).
-32
Let s(d) = 59*d - 999. Give s(17).
4
Let i(h) = 8*h + 1. Give i(1).
9
Let n(p) = -6*p + 5. Calculate n(4).
-19
Let w(k) = -67*k**2 + 1. Calculate w(1).
-66
Let s(r) = r**3 + 3*r**2 + 3*r + 1. What is s(-2)?
-1
Let x(z) = -z**2 - 16. Determine x(7).
-65
Let d(b) = 19*b - 115. What is d(6)?
-1
Let a(s) = 4*s - 27. Calculate a(6).
-3
Let a(u) = u**2 + 13*u. What is a(-6)?
-42
Let w(o) = -4*o - 3. Determine w(-5).
17
Let l(x) = -x**2 + 4*x + 14. Calculate l(5).
9
Let p(n) = -2*n**2 - 4*n - 21. Give p(-4).
-37
Let s(y) = -6*y - 61. Calculate s(-11).
5
Let n(r) = -4*r**2 - 3*r + 3. What is n(1)?
-4
Let x(l) = 47*l**2 + l. Calculate x(-1).
46
Let i(z) = 8*z - 36. Determine i(6).
12
Let z(a) = a**3 - 13*a**2 - 2*a + 17. Calculate z(13).
-9
Let o(z) = -6*z - 85. Give o(-17).
17
Let w(v) = 5*v - 24. Determine w(4).
-4
Let s(g) = -g**3 + 8*g**2 + g - 10. Give s(8).
-2
Let j(q) = q**2 - q + 2. What is j(-3)?
14
Let q(d) = -d**3 - 6*d**2 - 5*d + 3. Give q(-3).
-9
Let p(n) = n**3 - 14*n**2 - 7*n + 109. Determine p(14).
11
Let h(s) = -2*s**3 + 6*s**2 + s - 2. Calculate h(3).
1
Let f(j) = -j**3 - 6*j**2 - 6*j - 11. Give f(-6).
25
Let t(g) = -2*g**3 + 25*g**2 + 16*g + 32. What is t(13)?
71
Let m(i) = -2*i**3 + 14*i**2 - 2*i + 8. What is m(7)?
-6
Let b(f) = -6*f - 4. Give b(-1).
2
Let y(n) = -3*n**2 - 23*n - 24. Give y(-6).
6
Let j(f) = f**2 + f - 4. Determine j(-4).
8
Let g(n) = -n**3 + 12*n**2 + 2*n - 20. What is g(12)?
4
Let l(o) = -2*o**3 + o**2 + o - 1. Give l(1).
-1
Let n(i) = -i**3 - 3*i**2 + 4*i - 4. Calculate n(-5).
26
Let o(v) = 51*v + 75. Give o(-5).
-180
Let z(q) = q**2 + 19*q - 4. Calculate z(-20).
16
Let h(w) = -21*w - 2. What is h(-1)?
19
Let f(r) = -r**3 - 9*r**2 - 6*r + 3. Determine f(-8).
-13
Let j(b) = -6*b + 2. Calculate j(-2).
14
Let p(o) = -o**3 - 15*o**2 - 14*o - 17. Calculate p(-14).
-17
Let g(i) = i + 23. Calculate g(-16).
7
Let w(f) = -2*f**3 - 2*f**2 + 4*f - 2. Give w(2).
-18
Let g(p) = -3*p**3 + p**2 - 2*p - 3. Determine g(-2).
29
Let i(q) = -q**3 - 6*q**2 + q - 3. Calculate i(-5).
-33
Let j(i) = 4*i**2 - 7*i - 19. Give j(-4).
73
Let k(a) = -a**3 + 9*a**2 - 2*a + 12. Calculate k(9).
-6
Let b(x) = x + 20. What is b(-9)?
11
Let t(u) = 4*u - 27. Determine t(6).
-3
Let x(u) = u**3 - 10*u**2 + 9*u + 4. What is x(9)?
4
Let t(d) = 2*d**2 - 14*d - 112. Calculate t(12).
8
Let p(f) = 4*f**3 + f**2 + 3*f + 2. Calculate p(-3).
-106
Let x(p) = p - 6. What is x(-2)?
-8
Let p(k) = -k**3 + k**2 + 21. What is p(0)?
21
Let o(n) = n**3 - 13*n**2 - 17*n + 28. Calculate o(14).
-14
Let r(h) = 3*h**2 - 4*h + 3. What is r(1)?
2
Let k(m) = 6*m + 4. Determine k(-2).
-8
Let q(w) = 4*w + 40. Give q(-13).
-12
Let r(c) = -c**2 - 11*c + 23. What is r(-13)?
-3
Let g(v) = v**2 + 6*v - 139. Determine g(9).
-4
Let x(t) = -t**2 - 6*t + 2. Give x(-5).
7
Let n(f) = -f**2 - 4. Determine n(6).
-40
Let y(w) = w**2 + w - 18. What is y(-5)?
2
Let m(a) = -34*a - 14. Calculate m(0).
-14
Let f(v) = 9*v - 103. What is f(13)?
14
Let m(p) = p**3 - 10*p**2 + 4*p - 10. Give m(5).
-115
Let p(r) = r**3 + 12*r**2 - 29*r - 5. What is p(-14)?
9
Let a(x) = x**2 - 41*x + 27. Give a(41).
27
Let k(c) = -c**2 - 18*c + 36. Determine k(-20).
-4
Let u(m) = m**2 - 5*m + 7. Determine u(4).
3
Let l(a) = a**2 + 17*a + 55. What is l(-5)?
-5
Let p(j) = -j**2 - 18*j - 73. Give p(-14).
-17
Let x(c) = -5*c**2 - 5*c - 5. Calculate x(-2).
-15
Let j(y) = y**3 - 9*y**2 + 13*y + 17. Give j(8).
57
Let y(b) = -3*b + 3. Give y(-7).
24
Let j(x) = -x**2 + 9*x - 8. What is j(6)?
10
Let d(q) = -q**2 + 7*q. Calculate d(7).
0
Let i(t) = -t**3 + 6*t**2 - t + 2. Determine i(5).
22
Let j(v) = v**2 + 3*v + 1. Calculate j(-4).
5
Let y(l) = l**3 + 9*l**2 + 10*l + 10. What is y(-8)?
-6
Let k(f) = f**3 + f**2 - 2*f + 1. Give k(-3).
-11
Let i(x) = -x**2 - 21*x - 2. Give i(-19).
36
Let v(r) = -r**3 - 4*r**2 - r - 11. What is v(-5)?
19
Let l(y) = -y**2 + 6*y - 19. Determine l(6).
-19
Let j(p) = p**3 - 11*p**2 + 27*p - 19. What is j(8)?
5
Let b(l) = -9*l - 9. What is b(-2)?
9
Let m(w) = -17*w + 62. Give m(4).
-6
Let d(a) = a**2 + 16*a + 11. Determine d(-8).
-53
Let u(r) = -r**3 + 10*r**2 + 20*r + 2. What is u(-2)?
10
Let c(m) = -4*m + 19. Determine c(6).
-5
Let i(w) = w - 36. Calculate i(13).
-23
Let u(l) = l**2 + 24*l + 108. Determine u(-7).
-11
Let a(k) = -k**2 - 18*k - 13. What is a(-8)?
67
Let m(j) = 9*j**2 - 2*j + 2. Calculate m(1).
9
Let k(s) = -2*s + 44. Calculate k(20).
4
Let u(s) = s**3 + 8*s**2 - 23*s - 33. What is u(-10)?
-3
Let g(a) = -a**3 - 12*a**2 - 2*a + 2. What is g(-12)?
26
Let w(i) = 21*i - 1. Calculate w(1).
20
Let s(b) = b**2 + 35*b + 286. Calculate s(-12).
10
Let g(v) = v**3 - 8*v**2 + 6*v - 2. What is g(6)?
-38
Let u(j) = j**3 + 5*j**2 + 4*j - 3. Determine u(-4).
-3
Let j(b) = 4*b - 8. Determine j(7).
20
Let a(t) = t**3 + 20*t**2 + 20*t + 3. Calculate a(-19).
-16
Let k(g) = -57*g + 17. Determine k(1).
-40
Let a(l) = l**2 + 17*l + 4. Determine a(-7).
-66
Let p(x) = -x**2 - 8*x + 9. Determine p(-8).
9
Let u(j) = j**2 + 8*j + 14. Give u(-13).
79
Let c(j) = -j**2 - 7*j + 6. Give c(-10).
-24
Let v(o) = -o**3 - 3*o**2 - 3*o + 2. Give v(-4).
30
Let a(t) = 2*t**3 - 23*t**2 - 10*t - 15. What is a(12)?
9
Let c(w) = w**3 - 8*w**2 + 5*w + 6. Give c(6).
-36
Let y(t) = -25*t + 373. Determine y(15).
-2
Let o(f) = 11*f**2 - 3*f - 2. What is o(-1)?
12
Let q(u) = 11*u**2 + u + 1. Give q(-2).
43
Let i(j) = -5*j**2 - j + 1. What is i(1)?
-5
Let s(r) = r**3 - 7*r**2 - 4*r - 29. Determine s(8).
3
Let v(h) = h**2 + 8*h + 8. What is v(-5)?
-7
Let u(s) = s + 1. Calculate u(-1).
0
Let k(m) = 3*m - 60. Calculate k(5).
-45
Let b(a) = 131*a - 251. What is b(2)?
11
Let z(h) = -17*h - 1. Give z(-4).
67
Let s(x) = x**3 - 11*x**2 - 11*x - 17. Give s(12).
-5
Let k(r) = -r**3 - 4*r**2 - 4*r - 1. Determine k(-1).
0
Let c(f) = 3*f**2 + 118*f + 29. Give c(-39).
-10
Let o(x) = -x**2 + 6*x - 2. What is o(6)?
-2
Let w(u) = 2*u**2 - 3*u + 1. Give w(-2).
15
Let f(t) = 7*t**2. Give f(3).
63
Let r(g) = -g**2 - 293*g - 1727. What is r(-6)?
-5
Let r(y) = 8*y**3 - y**2 - y + 2. Give r(2).
60
Let b(n) = n**3 + 8*n**2 + 9*n + 81. Give b(-8).
9
Let x(k) = -2*k**3 - 7*k**2 - 5*k - 4. Give x(-4).
32
Let t(x) = -2*x**3 - 10*x**2 + 27*x - 4. Calculate t(-7).
3
Let i(q) = 5*q**2 - 2. What is i(-3)?
43
Let i(l) = -l**3 - 26*l**2 - 28*l - 66. Determine i(-25).
9
Let w(v) = v + 2. Determine w(16).
18
Let s(j) = 3*j**2 + 3*j + 2. Give s(-1).
2
Let n(g) = g**3 - g**2 + 9*g - 10. What is n(2)?
12
Let b(j) = 2*j + 44. What is b(-23)?
-2
Let b(h) = 3*h + 1. Give b(-1).
-2
Let y(h) = -8*h**2 - 3*h + 8. Give y(-4).
-108
Let f(h) = h**2 + 20*h + 49. What is f(-11)?
-50
Let m(s) = -11*s**2 - 9*s - 2. Give m(-3).
-74
Let z(p) = 2*p - 58. Determine z(30).
2
Let h(u) = u**3 - 8*u**2 + 6*u + 13. What is h(7)?
6
Let o(i) = i + 22. Determine o(-11).
11
Let w(j) = -4*j**2 + 3*j - 4. What is w(2)?
-14
Let x(q) = q**2 - 2*q - 85. Calculate x(-7).
-22
Let b(f) = f**3 - 14*f**2 - f + 6. Determine b(14).
-8
Let v(r) = r + 8. What is v(6)?
14
Let i(r) = r**3 + 4*r**2 + r - 1. Calculate i(-2).
5
Let i(r) = r**2 - 9*r - 12. Determine i(9).
-12
Let g(l) = 2*l - 7. Give g(-5).
-17
Let k(j) = j**2 - j - 6. What is k(-2)?
0
Let o(c) = 109*c - 1. What is o(-1)?
-110
Let l(w) = -w**3 - 6*w**2 - 10*w - 3. Give l(-4).
5
Let p(d) = d + 2. Calculate p(-3).
-1
Let v(b) = 5*b + 143. Calculate v(-24).
23
Let h(r) = -r - 35. What is h(27)?
-62
Let w(j) = 2*j**2 + 9*j + 3. Give w(-7).
38
Let z(f) = 2*f + 8. What is z(-9)?
-10
Let y(p) = -p**2 + 35*p + 103. What is y(38)?
-11
Let s(m) = m - 3. What is s(-4)?
-7
Let j(x) = 4*x**3 + x**2 - 3*x + 2. What is j(2)?
32
Let k(q) = q**3 - 15*q**2 - 37*q + 14. What is k(17)?
-37
Let f(h) = -20*h**2 + 1. Determine f(1).
-19
Let c(u) = u**2 - 7*u + 6. Determine c(6).
0
Let p(c) = c**3 + 6*c**2 - 2. Determine p(-6).
-2
Let t(s) = -s**2 - 48*s - 184. Give t(-44).
-8
Let m(v) = -20*v + 112. Determine m(6).
-8
Let w(q) = 10*q**2 + 6*q + 2. Calculate w(-1).
6
Let a(k) = -4*k**2 - 3*k - 2. Calculate a(-2).
-12
Let d(